{"id":9253,"date":"2022-11-04T20:39:55","date_gmt":"2022-11-04T20:39:55","guid":{"rendered":"https:\/\/flocagemania.com\/index.php\/product\/veste-anti-vent\/"},"modified":"2022-11-04T20:40:43","modified_gmt":"2022-11-04T20:40:43","slug":"veste-anti-vent","status":"publish","type":"product","link":"https:\/\/flocagemania.com\/index.php\/product\/veste-anti-vent\/","title":{"rendered":"Veste anti-vent"},"content":{"rendered":"<p>Tissu toile, 100 % polyester, PA finition<br \/>\ntissu coupe vent l\u00e9g\u00e9r<br \/>\nfermeture \u00e9clair spirale pleine longueur<br \/>\ncapuche cach\u00e9e dans le col<br \/>\ncapuche et liser\u00e9 inf\u00e9rieur avec cordon de serrage \u00e9lastique<br \/>\npoches raglan<br \/>\npetite poche ind\u00e9pendante \u00e0 fermeture \u00e9clair<\/p>\n","protected":false},"excerpt":{"rendered":"<p>S &#8211; 3XL<\/p>\n","protected":false},"featured_media":9252,"template":"","meta":{"_monsterinsights_skip_tracking":false,"_monsterinsights_sitenote_active":false,"_monsterinsights_sitenote_note":"","_monsterinsights_sitenote_category":0,"spay_email":""},"product_cat":[137,177],"product_tag":[187],"_links":{"self":[{"href":"https:\/\/flocagemania.com\/index.php\/wp-json\/wp\/v2\/product\/9253"}],"collection":[{"href":"https:\/\/flocagemania.com\/index.php\/wp-json\/wp\/v2\/product"}],"about":[{"href":"https:\/\/flocagemania.com\/index.php\/wp-json\/wp\/v2\/types\/product"}],"wp:featuredmedia":[{"embeddable":true,"href":"https:\/\/flocagemania.com\/index.php\/wp-json\/wp\/v2\/media\/9252"}],"wp:attachment":[{"href":"https:\/\/flocagemania.com\/index.php\/wp-json\/wp\/v2\/media?parent=9253"}],"wp:term":[{"taxonomy":"product_cat","embeddable":true,"href":"https:\/\/flocagemania.com\/index.php\/wp-json\/wp\/v2\/product_cat?post=9253"},{"taxonomy":"product_tag","embeddable":true,"href":"https:\/\/flocagemania.com\/index.php\/wp-json\/wp\/v2\/product_tag?post=9253"}],"curies":[{"name":"wp","href":"https:\/\/api.w.org\/{rel}","templated":true}]}}