{"id":9247,"date":"2022-11-04T20:38:58","date_gmt":"2022-11-04T20:38:58","guid":{"rendered":"https:\/\/flocagemania.com\/index.php\/product\/debardeur-top-femme\/"},"modified":"2022-11-04T20:41:26","modified_gmt":"2022-11-04T20:41:26","slug":"debardeur-top-femme","status":"publish","type":"product","link":"https:\/\/flocagemania.com\/index.php\/product\/debardeur-top-femme\/","title":{"rendered":"Debardeur Top femme"},"content":{"rendered":"<p>Double Face, 100 % polyester<br \/>\ntissu lisse \u00e0 s\u00e9chage rapide<br \/>\ncoupe l\u00e9g\u00e8rement ajust\u00e9e avec coutures lat\u00e9rales<br \/>\ndos nageur<br \/>\ncol rond profond<br \/>\ncol et bord des manches fins dans la m\u00eame mati\u00e8re<br \/>\nid\u00e9al pour le sport et les activit\u00e9s de plein air<br \/>\nadapt\u00e9e \u00e0 la sublimation (couleurs claires)<\/p>\n","protected":false},"excerpt":{"rendered":"<p>S &#8211; 2XL<\/p>\n","protected":false},"featured_media":9246,"template":"","meta":{"_monsterinsights_skip_tracking":false,"_monsterinsights_sitenote_active":false,"_monsterinsights_sitenote_note":"","_monsterinsights_sitenote_category":0,"spay_email":""},"product_cat":[133,185,184],"product_tag":[188],"_links":{"self":[{"href":"https:\/\/flocagemania.com\/index.php\/wp-json\/wp\/v2\/product\/9247"}],"collection":[{"href":"https:\/\/flocagemania.com\/index.php\/wp-json\/wp\/v2\/product"}],"about":[{"href":"https:\/\/flocagemania.com\/index.php\/wp-json\/wp\/v2\/types\/product"}],"wp:featuredmedia":[{"embeddable":true,"href":"https:\/\/flocagemania.com\/index.php\/wp-json\/wp\/v2\/media\/9246"}],"wp:attachment":[{"href":"https:\/\/flocagemania.com\/index.php\/wp-json\/wp\/v2\/media?parent=9247"}],"wp:term":[{"taxonomy":"product_cat","embeddable":true,"href":"https:\/\/flocagemania.com\/index.php\/wp-json\/wp\/v2\/product_cat?post=9247"},{"taxonomy":"product_tag","embeddable":true,"href":"https:\/\/flocagemania.com\/index.php\/wp-json\/wp\/v2\/product_tag?post=9247"}],"curies":[{"name":"wp","href":"https:\/\/api.w.org\/{rel}","templated":true}]}}