{"id":9228,"date":"2022-11-04T20:23:37","date_gmt":"2022-11-04T20:23:37","guid":{"rendered":"https:\/\/flocagemania.com\/index.php\/product\/sweatshirt-voyage-avec-zipper-femme\/"},"modified":"2022-11-04T20:23:37","modified_gmt":"2022-11-04T20:23:37","slug":"sweatshirt-voyage-avec-zipper-femme","status":"publish","type":"product","link":"https:\/\/flocagemania.com\/index.php\/product\/sweatshirt-voyage-avec-zipper-femme\/","title":{"rendered":"Sweatshirt Voyage avec zipper femme"},"content":{"rendered":"<p>Molleton, int\u00e9rieur non gratt\u00e9<br \/>\n100 % coton (composition de couleur 12 pouvant diff\u00e9rer &#8211; 85 % coton, 15 % viscose; 65 % coton, 35 % polyester)<br \/>\ncoupe droite avec coutures lat\u00e9rales<br \/>\nfermeture \u00e9clair m\u00e9tallique pleine longueur<br \/>\ntirette de fermeture \u00e9clair avec logo grav\u00e9<br \/>\ncapuche avec doublure et cordon de serrage<br \/>\nbande de propret\u00e9 \u00e0 l\u2019encolure<br \/>\nmanches raglan avec couture d\u00e9corative<br \/>\npoches kangourou plaqu\u00e9e<br \/>\nliser\u00e9 inf\u00e9rieur et manchettes en \u00e9toffe c\u00f4tel\u00e9e 2:2 avec 5 % d\u2019\u00e9lasthanne<br \/>\n\u00e9l\u00e9ments de contraste<br \/>\npartie interne non gratt\u00e9e<\/p>\n","protected":false},"excerpt":{"rendered":"<p>S &#8211; 2XL<\/p>\n","protected":false},"featured_media":9227,"template":"","meta":{"_monsterinsights_skip_tracking":false,"_monsterinsights_sitenote_active":false,"_monsterinsights_sitenote_note":"","_monsterinsights_sitenote_category":0,"spay_email":""},"product_cat":[136],"product_tag":[169],"_links":{"self":[{"href":"https:\/\/flocagemania.com\/index.php\/wp-json\/wp\/v2\/product\/9228"}],"collection":[{"href":"https:\/\/flocagemania.com\/index.php\/wp-json\/wp\/v2\/product"}],"about":[{"href":"https:\/\/flocagemania.com\/index.php\/wp-json\/wp\/v2\/types\/product"}],"wp:featuredmedia":[{"embeddable":true,"href":"https:\/\/flocagemania.com\/index.php\/wp-json\/wp\/v2\/media\/9227"}],"wp:attachment":[{"href":"https:\/\/flocagemania.com\/index.php\/wp-json\/wp\/v2\/media?parent=9228"}],"wp:term":[{"taxonomy":"product_cat","embeddable":true,"href":"https:\/\/flocagemania.com\/index.php\/wp-json\/wp\/v2\/product_cat?post=9228"},{"taxonomy":"product_tag","embeddable":true,"href":"https:\/\/flocagemania.com\/index.php\/wp-json\/wp\/v2\/product_tag?post=9228"}],"curies":[{"name":"wp","href":"https:\/\/api.w.org\/{rel}","templated":true}]}}