{"id":9220,"date":"2022-11-04T20:22:32","date_gmt":"2022-11-04T20:22:32","guid":{"rendered":"https:\/\/flocagemania.com\/index.php\/product\/sweatshirt-a-capuche-femme\/"},"modified":"2022-11-04T20:22:32","modified_gmt":"2022-11-04T20:22:32","slug":"sweatshirt-a-capuche-femme","status":"publish","type":"product","link":"https:\/\/flocagemania.com\/index.php\/product\/sweatshirt-a-capuche-femme\/","title":{"rendered":"Sweatshirt \u00e0 capuche  femme"},"content":{"rendered":"<p>Molleton, int\u00e9rieur non gratt\u00e9<br \/>\n80 % coton, 20 % polyester recycl\u00e9<br \/>\npolyester recycl\u00e9 certifi\u00e9<br \/>\nsans \u00e9tiquette &#8211; pr\u00eat pour le rebranding<br \/>\ncoupe l\u00e9g\u00e8rement ajust\u00e9e avec coutures lat\u00e9rales<br \/>\ncapuche avec doublure et cordon de serrage<br \/>\nbande de propret\u00e9 \u00e0 l&rsquo;arri\u00e8re du col dans la m\u00eame mati\u00e8re<br \/>\npoches kangourou plaqu\u00e9e<br \/>\nliser\u00e9 inf\u00e9rieur et manchettes en \u00e9toffe c\u00f4tel\u00e9e 2:2 avec 5 % d&rsquo;\u00e9lasthanne<\/p>\n","protected":false},"excerpt":{"rendered":"<p>S &#8211; 2XL<\/p>\n","protected":false},"featured_media":9219,"template":"","meta":{"_monsterinsights_skip_tracking":false,"_monsterinsights_sitenote_active":false,"_monsterinsights_sitenote_note":"","_monsterinsights_sitenote_category":0,"spay_email":""},"product_cat":[136],"product_tag":[169],"_links":{"self":[{"href":"https:\/\/flocagemania.com\/index.php\/wp-json\/wp\/v2\/product\/9220"}],"collection":[{"href":"https:\/\/flocagemania.com\/index.php\/wp-json\/wp\/v2\/product"}],"about":[{"href":"https:\/\/flocagemania.com\/index.php\/wp-json\/wp\/v2\/types\/product"}],"wp:featuredmedia":[{"embeddable":true,"href":"https:\/\/flocagemania.com\/index.php\/wp-json\/wp\/v2\/media\/9219"}],"wp:attachment":[{"href":"https:\/\/flocagemania.com\/index.php\/wp-json\/wp\/v2\/media?parent=9220"}],"wp:term":[{"taxonomy":"product_cat","embeddable":true,"href":"https:\/\/flocagemania.com\/index.php\/wp-json\/wp\/v2\/product_cat?post=9220"},{"taxonomy":"product_tag","embeddable":true,"href":"https:\/\/flocagemania.com\/index.php\/wp-json\/wp\/v2\/product_tag?post=9220"}],"curies":[{"name":"wp","href":"https:\/\/api.w.org\/{rel}","templated":true}]}}