{"id":9208,"date":"2022-11-04T20:20:37","date_gmt":"2022-11-04T20:20:37","guid":{"rendered":"https:\/\/flocagemania.com\/index.php\/product\/polo-runway-unisex\/"},"modified":"2022-11-04T20:20:37","modified_gmt":"2022-11-04T20:20:37","slug":"polo-runway-unisex","status":"publish","type":"product","link":"https:\/\/flocagemania.com\/index.php\/product\/polo-runway-unisex\/","title":{"rendered":"Polo Runway unisex"},"content":{"rendered":"<p>Piqu\u00e9 interlock, 55 % coton, 45 % polyester, bandes retro-r\u00e9fl\u00e9chissante 3M<br \/>\nv\u00eatements haute visibilit\u00e9<br \/>\npolyester fluorescent sur la partie ext\u00e9rieur<br \/>\ncoton \u00e0 l&rsquo;int\u00e9rieur<br \/>\nbandes retro-r\u00e9fl\u00e9chissantes certifi\u00e9es 3M<br \/>\ncoupe avec coutures lat\u00e9rales<br \/>\ncol en c\u00f4tes 1:1 avec rayure contrast\u00e9e<br \/>\npatte de boutonnage 3 boutons<br \/>\nbande de propret\u00e9 col dans la m\u00eame mati\u00e8re<br \/>\ncoutures d&rsquo;\u00e9paules renforc\u00e9es<br \/>\ncertification selon les normes EN ISO 20471 (classe 2) et EN ISO 13688<\/p>\n","protected":false},"excerpt":{"rendered":"<p>S &#8211; 3XL<\/p>\n","protected":false},"featured_media":9207,"template":"","meta":{"_monsterinsights_skip_tracking":false,"_monsterinsights_sitenote_active":false,"_monsterinsights_sitenote_note":"","_monsterinsights_sitenote_category":0,"spay_email":""},"product_cat":[134],"product_tag":[159],"_links":{"self":[{"href":"https:\/\/flocagemania.com\/index.php\/wp-json\/wp\/v2\/product\/9208"}],"collection":[{"href":"https:\/\/flocagemania.com\/index.php\/wp-json\/wp\/v2\/product"}],"about":[{"href":"https:\/\/flocagemania.com\/index.php\/wp-json\/wp\/v2\/types\/product"}],"wp:featuredmedia":[{"embeddable":true,"href":"https:\/\/flocagemania.com\/index.php\/wp-json\/wp\/v2\/media\/9207"}],"wp:attachment":[{"href":"https:\/\/flocagemania.com\/index.php\/wp-json\/wp\/v2\/media?parent=9208"}],"wp:term":[{"taxonomy":"product_cat","embeddable":true,"href":"https:\/\/flocagemania.com\/index.php\/wp-json\/wp\/v2\/product_cat?post=9208"},{"taxonomy":"product_tag","embeddable":true,"href":"https:\/\/flocagemania.com\/index.php\/wp-json\/wp\/v2\/product_tag?post=9208"}],"curies":[{"name":"wp","href":"https:\/\/api.w.org\/{rel}","templated":true}]}}