{"id":7743,"date":"2022-06-13T19:58:35","date_gmt":"2022-06-13T19:58:35","guid":{"rendered":"https:\/\/flocagemania.com\/?post_type=product&#038;p=7743"},"modified":"2022-10-28T20:54:10","modified_gmt":"2022-10-28T20:54:10","slug":"sweat-a-capuche-mixte-recycle","status":"publish","type":"product","link":"https:\/\/flocagemania.com\/index.php\/product\/sweat-a-capuche-mixte-recycle\/","title":{"rendered":"Sweat \u00e0 capuche mixte recycl\u00e9"},"content":{"rendered":"<ul>\n<li>280 g \/ m\u00b2<\/li>\n<li>80% coton, fil\u00e9 \u00e0 l&rsquo;anneau, 20% polyester (recycl\u00e9)<\/li>\n<li>Gris chin\u00e9: 70% coton, 30% polyester (recycl\u00e9)<\/li>\n<li>Tissu fonctionnel \u00e9cologique<\/li>\n<li>Fabriqu\u00e9 \u00e0 partir de bouteilles en plastique recycl\u00e9es (6 par sweat \u00e0 capuche)<\/li>\n<li>Bross\u00e9 \u00e0 l&rsquo;int\u00e9rieur<\/li>\n<li>Capuche en tissu double avec \u0153illets m\u00e9talliques (sans nickel) pour cordon de serrage ton sur ton<\/li>\n<li>Bande de cou<\/li>\n<li>Poignets et taille c\u00f4tel\u00e9s larges<\/li>\n<li>Poches sur les coutures lat\u00e9rales<\/li>\n<li>\u00c9tiquette d&rsquo;entretien d\u00e9tachable dans la couture lat\u00e9rale.<\/li>\n<li>Taille du XS au 3XL<\/li>\n<\/ul>\n","protected":false},"excerpt":{"rendered":"<ul>\n<li>280 g \/ m\u00b2<\/li>\n<li>80% coton, fil\u00e9 \u00e0 l&rsquo;anneau, 20% polyester (recycl\u00e9)<\/li>\n<li>Gris chin\u00e9: 70% coton, 30% polyester (recycl\u00e9)<\/li>\n<li>Tissu fonctionnel \u00e9cologique<\/li>\n<li>Fabriqu\u00e9 \u00e0 partir de bouteilles en plastique recycl\u00e9es (6 par sweat \u00e0 capuche)<\/li>\n<li>Bross\u00e9 \u00e0 l&rsquo;int\u00e9rieur<\/li>\n<li>Capuche en tissu double avec \u0153illets m\u00e9talliques (sans nickel) pour cordon de serrage ton sur ton<\/li>\n<li>Bande de cou<\/li>\n<li>Poignets et taille c\u00f4tel\u00e9s larges<\/li>\n<li>Poches sur les coutures lat\u00e9rales<\/li>\n<li>\u00c9tiquette d&rsquo;entretien d\u00e9tachable dans la couture lat\u00e9rale.<\/li>\n<li>Taille du XS au 3XL<\/li>\n<\/ul>\n","protected":false},"featured_media":7744,"template":"","meta":{"_monsterinsights_skip_tracking":false,"_monsterinsights_sitenote_active":false,"_monsterinsights_sitenote_note":"","_monsterinsights_sitenote_category":0,"spay_email":""},"product_cat":[136],"product_tag":[159],"_links":{"self":[{"href":"https:\/\/flocagemania.com\/index.php\/wp-json\/wp\/v2\/product\/7743"}],"collection":[{"href":"https:\/\/flocagemania.com\/index.php\/wp-json\/wp\/v2\/product"}],"about":[{"href":"https:\/\/flocagemania.com\/index.php\/wp-json\/wp\/v2\/types\/product"}],"wp:featuredmedia":[{"embeddable":true,"href":"https:\/\/flocagemania.com\/index.php\/wp-json\/wp\/v2\/media\/7744"}],"wp:attachment":[{"href":"https:\/\/flocagemania.com\/index.php\/wp-json\/wp\/v2\/media?parent=7743"}],"wp:term":[{"taxonomy":"product_cat","embeddable":true,"href":"https:\/\/flocagemania.com\/index.php\/wp-json\/wp\/v2\/product_cat?post=7743"},{"taxonomy":"product_tag","embeddable":true,"href":"https:\/\/flocagemania.com\/index.php\/wp-json\/wp\/v2\/product_tag?post=7743"}],"curies":[{"name":"wp","href":"https:\/\/api.w.org\/{rel}","templated":true}]}}