{"id":1758,"date":"2022-04-21T09:37:35","date_gmt":"2022-04-21T09:37:35","guid":{"rendered":"https:\/\/flocagemania.com\/?post_type=product&#038;p=1758"},"modified":"2022-10-28T20:55:52","modified_gmt":"2022-10-28T20:55:52","slug":"t-shirt-basic129","status":"publish","type":"product","link":"https:\/\/flocagemania.com\/index.php\/product\/t-shirt-basic129\/","title":{"rendered":"T-shirt Basic 129"},"content":{"rendered":"<div class=\"Description__subtitle\">Tee-shirt homme<\/div>\n<div class=\"Description__description-sizes\">S &#8211; 2XL<\/div>\n<ul>\n<li>Jersey simple, 100 % coton, (composition de couleur 12 pouvant diff\u00e9rer &#8211; 85 % coton, 15 % viscose), finition en silicone<\/li>\n<\/ul>\n<div class=\"Description__description-list\">\n<ul>\n<li>sans \u00e9tiquette &#8211; pr\u00eat pour le rebranding<\/li>\n<li>coupe Slim fit avec coutures lat\u00e9rales<\/li>\n<li>col \u00e9troit en c\u00f4te 1:1 avec 5 % d&rsquo;\u00e9lasthanne<\/li>\n<li>\u00e9tiquette de taille neutre dans le cou<\/li>\n<li>bande de propret\u00e9 col dans la m\u00eame mati\u00e8re<\/li>\n<li>coutures d&rsquo;\u00e9paules renforc\u00e9es<\/li>\n<li>finition en silicone<\/li>\n<li>lavage 40\u00b0C<\/li>\n<\/ul>\n<\/div>\n","protected":false},"excerpt":{"rendered":"<div class=\"Description__subtitle\">Tee-shirt homme<\/div>\n<div class=\"Description__description-sizes\">S &#8211; 2XL<\/div>\n<ul>\n<li>Jersey simple, 100 % coton, (composition de couleur 12 pouvant diff\u00e9rer &#8211; 85 % coton, 15 % viscose), finition en silicone<\/li>\n<li>sans \u00e9tiquette &#8211; pr\u00eat pour le rebranding<\/li>\n<li>coupe Slim fit avec coutures lat\u00e9rales<\/li>\n<li>col \u00e9troit en c\u00f4te 1:1 avec 5 % d&rsquo;\u00e9lasthanne<\/li>\n<li>\u00e9tiquette de taille neutre dans le cou<\/li>\n<li>bande de propret\u00e9 col dans la m\u00eame mati\u00e8re<\/li>\n<li>coutures d&rsquo;\u00e9paules renforc\u00e9es<\/li>\n<li>finition en silicone<\/li>\n<li>lavage 40\u00b0C<\/li>\n<\/ul>\n<div class=\"Description__description-list\"><\/div>\n","protected":false},"featured_media":6076,"template":"","meta":{"_monsterinsights_skip_tracking":false,"_monsterinsights_sitenote_active":false,"_monsterinsights_sitenote_note":"","_monsterinsights_sitenote_category":0,"spay_email":""},"product_cat":[160,133],"product_tag":[159],"_links":{"self":[{"href":"https:\/\/flocagemania.com\/index.php\/wp-json\/wp\/v2\/product\/1758"}],"collection":[{"href":"https:\/\/flocagemania.com\/index.php\/wp-json\/wp\/v2\/product"}],"about":[{"href":"https:\/\/flocagemania.com\/index.php\/wp-json\/wp\/v2\/types\/product"}],"wp:featuredmedia":[{"embeddable":true,"href":"https:\/\/flocagemania.com\/index.php\/wp-json\/wp\/v2\/media\/6076"}],"wp:attachment":[{"href":"https:\/\/flocagemania.com\/index.php\/wp-json\/wp\/v2\/media?parent=1758"}],"wp:term":[{"taxonomy":"product_cat","embeddable":true,"href":"https:\/\/flocagemania.com\/index.php\/wp-json\/wp\/v2\/product_cat?post=1758"},{"taxonomy":"product_tag","embeddable":true,"href":"https:\/\/flocagemania.com\/index.php\/wp-json\/wp\/v2\/product_tag?post=1758"}],"curies":[{"name":"wp","href":"https:\/\/api.w.org\/{rel}","templated":true}]}}